e 4
-1001
What is 11102 (base 3) in base 2?
1110111
Convert 10111101 (base 2) to base 14.
d7
-100 (base 4) to base 6
-24
What is 253 (base 9) in base 16?
d2
Convert 44 (base 6) to base 5.
103
-8 (base 10) to base 2
-1000
44 (base 6) to base 2
11100
-211 (base 6) to base 2
-1001111
-154 (base 13) to base 7
-460
111 (base 2) to base 12
7
What is 3 (base 12) in base 15?
3
Convert -8 (base 12) to base 4.
-20
Convert -f (base 16) to base 6.
-23
Convert -25 (base 11) to base 5.
-102
3 (base 13) to base 3
10
What is -3 (base 13) in base 3?
-10
What is -128 (base 10) in base 14?
-92
What is 2 (base 6) in base 3?
2
What is 4 (base 7) in base 14?
4
-2 (base 15) to base 10
-2
57 (base 14) to base 16
4d
Convert -3 (base 6) to base 2.
-11
Convert 2 (base 13) to base 12.
2
What is 3 (base 14) in base 9?
3
What is -1 (base 3) in base 4?
-1
What is -6 (base 16) in base 8?
-6
Convert -49 (base 14) to base 9.
-72
-100 (base 2) to base 12
-4
-18 (base 14) to base 8
-26
Convert -5 (base 11) to base 10.
-5
6 (base 15) to base 12
6
What is -2 (base 15) in base 10?
-2
-13 (base 10) to base 5
-23
Convert 5 (base 12) to base 8.
5
11 (base 12) to base 5
23
Convert 1 (base 8) to base 13.
1
2 (base 5) to base 12
2
Convert 21 (base 4) to base 5.
14
1212 (base 5) to base 9
222
Convert 0 (base 14) to base 12.
0
-5 (base 9) to base 12
-5
12 (base 12) to base 13
11
1 (base 12) to base 10
1
Convert -42 (base 6) to base 15.
-1b
0 (base 15) to base 14
0
What is -87 (base 13) in base 2?
-1101111
What is -234 (base 5) in base 15?
-49
What is -47 (base 16) in base 11?
-65
What is -2 (base 4) in base 13?
-2
What is -3 (base 4) in base 12?
-3
What is 3 (base 11) in base 13?
3
-3 (base 11) to base 13
-3
What is 3 (base 16) in base 11?
3
1020 (base 3) to base 14
25
Convert -20 (base 9) to base 5.
-33
What is -123 (base 7) in base 6?
-150
23 (base 6) to base 9
16
-11 (base 15) to base 8
-20
What is 2 (base 16) in base 8?
2
Convert -b (base 13) to base 4.
-23
9 (base 10) to base 4
21
What is 84 (base 13) in base 16?
6c
2 (base 14) to base 6
2
What is 32 (base 10) in base 8?
40
What is 7 (base 9) in base 8?
7
2 (base 5) to base 2
10
2 (base 6) to base 10
2
-110 (base 3) to base 12
-10
Convert 145 (base 6) to base 8.
101
What is 122 (base 4) in base 11?
24
What is 10011010 (base 2) in base 6?
414
What is -3 (base 13) in base 4?
-3
Convert -13 (base 7) to base 6.
-14
What is 31 (base 11) in base 15?
24
What is 6 (base 7) in base 10?
6
13 (base 4) to base 8
7
What is -11b (base 14) in base 8?
-335
-8 (base 14) to base 11
-8
Convert -100 (base 10) to base 9.
-121
-36 (base 13) to base 15
-30
Convert -10 (base 4) to base 9.
-4
241 (base 7) to base 9
151
44 (base 16) to base 11
62
-35 (base 7) to base 2
-11010
Convert -212 (base 3) to base 16.
-17
What is 54 (base 13) in base 2?
1000101
0 (base 11) to base 8
0
Convert 156 (base 10) to base 15.
a6
Convert 77 (base 16) to base 11.
a9
2 (base 9) to base 2
10
9c (base 15) to base 13
b4
What is -e (base 15) in base 9?
-15
What is -6 (base 8) in base 6?
-10
Convert -122 (base 4) to base 12.
-22
-2022 (base 3) to base 7
-116
Convert 2 (base 3) to base 15.
2
a (base 11) to base 3
101
-12 (base 3) to base 2
-101
40 (base 9) to base 13
2a
Convert 109 (base 14) to base 2.
11001101
What is -5e (base 15) in base 16?
-59
What is 10210 (base 4) in base 6?
1204
-5 (base 12) to base 3
-12
Convert -28 (base 16) to base 7.
-55
Convert 45 (base 9) to base 15.
2b
Convert -2 (base 13) to base 15.
-2
What is -13 (base 14) in base 7?
-23
35 (base 14) to base 4
233
-1 (base 16) to base 10
-1
10 (base 4) to base 7
4
Convert 2 (base 5) to base 2.
10
Convert 0 (base 15) to base 9.
0
3010 (base 5) to base 11
316
-603 (base 7) to base 2
-100101001
4 (base 9) to base 11
4
What is -11 (base 16) in base 13?
-14
Convert 3 (base 8) to base 3.
10
What is -33 (base 4) in base 16?
-f
Convert 0 (base 11) to base 6.
0
Convert 13 (base 9) to base 10.
12
Convert -1 (base 13) to base 12.
-1
-3 (base 6) to base 12
-3
-a (base 12) to base 3
-101
Convert -9 (base 14) to base 12.
-9
What is 50 (base 12) in base 5?
220
-14 (base 6) to base 14
-a
-1 (base 10) to base 16
-1
200 (base 3) to base 5
33
Convert -11 (base 6) to base 10.
-7
Convert 10 (base 2) to base 8.
2
What is 111 (base 3) in base 11?
12
Convert -24 (base 5) to base 15.
-e
What is 37 (base 14) in base 2?
110001
Convert 111100 (base 2) to base 6.
140
Convert 93 (base 16) to base 11.
124
What is -42 (base 6) in base 16?
-1a
What is -2 (base 11) in base 8?
-2
What is -100100 (base 2) in base 11?
-33
What is 5 (base 13) in base 15?
5
What is 5 (base 13) in base 3?
12
Convert -3 (base 4) to base 9.
-3
What is 566 (base 7) in base 2?
100100101
-8 (base 9) to base 5
-13
What is 7 (base 11) in base 15?
7
8 (base 15) to base 7
11
Convert 13 (base 6) to base 2.
1001
-4 (base 7) to base 13
-4
54 (base 16) to base 14
60
What is -15 (base 12) in base 15?
-12
Convert -212 (base 3) to base 15.
-18
Convert -1033 (base 4) to base 10.
-79
What is -12 (base 3) in base 2?
-101
4 (base 12) to base 8
4
What is 14 (base 12) in base 5?
31
What is -243 (base 7) in base 4?
-2001
-2 (base 15) to base 9
-2
What is -254 (base 6) in base 10?
-106
Convert -4 (base 6) to base 12.
-4
0 (base 14) to base 10
0
Convert 3 (base 16) to base 14.
3
What is 16 (base 11) in base 10?
17
Convert 2 (base 15) to base 5.
2
1 (base 16) to base 2
1
What is 27 (base 9) in base 4?
121
What is 351 (base 8) in base 12?
175
What is -1 (base 16) in base 9?
-1
Convert 161 (base 9) to base 16.
88
What is -2 (base 15) in base 8?
-2
Convert 1a (base 11) to base 15.
16
What is -1000001 (base 2) in base 4?
-1001
Convert -1100 (base 5) to base 14.
-aa
-47 (base 10) to base 11
-43
Convert 12 (base 10) to base 9.
13
-4a (base 14) to base 8
-102
-22 (base 5) to base 9
-13
What is 3 (base 14) in base 16?
3
Convert -33 (base 4) to base 5.
-30
Convert 3 (base 12) to base 10.
3
Convert 44 (base 12) to base 6.
124
-12 (base 4) to base 8
-6
Convert 14 (base 5) to base 16.
9
-11 (base 7) to base 9
-8
What is -20 (base 3) in base 6?
-10
Convert -2 (base 7) to base 6.
-2
8 (base 15) to base 6
12
132 (base 10) to base 6
340
Convert -4 (base 8) to base 10.
-4
Convert -2 (base 9) to base 11.
-2
-3 (base 16) to base 10
-3
What is 22 (base 4) in base 2?
1010
-b (base 16) to base 15
-b
What is -5 (base 16) in base 11?
-5
Convert -1 (base 15) to base 10.
-1
101 (base 2) to base 13
5
What is 121 (base 3) in base 14?
12
2 (base 6) to base 9
2
Convert 2 (base 12) to base 5.
2
2 (base 9) to base 15
2
14 (base 14) to base 6
30
-32 (base 15) to base 10
-47
-17 (base 13) to base 14
-16
Convert 7 (base 11) to base 8.
7
Convert 1 (base 8) to base 16.
1
What is -39 (base 16) in base 4?
-321
130 (base 4) to base 12
24
What is 13 (base 12) in base 2?
1111
-14 (base 8) to base 9
-13
What is -2 (base 8) in base 12?
-2
-1 (base 2) to base 3
-1
What is 1213 (base 4) in base 9?
124
Convert 2 (base 3) to base 13.
2
Convert cd (base 15) to base 8.
301
Convert -140 (base 5) to base 11.
-41
-3 (base 7) to base 15
-3
Convert -4 (base 12) to base 5.
-4
-68 (base 9) to base 14
-46
What is -1 (base 2) in base 6?
-1
8 (base 12) to base 16
8
What is -4 (base 8) in base 13?
-4
3 (base 13) to base 16
3
What is -10210 (base 4) in base 6?
-1204
23 (base 5) to base 15
d
Convert -72 (base 10) to base 2.
-1001000
4 (base 7) to base 2
100
Convert -4 (base 5) to base 4.
-10
What is 10 (base 3) in base 14?
3
Convert -1 (base 11) to base 14.
-1
Convert 4 (base 10) to base 3.
11
Convert -4 (base 12) to base 4.
-10
3 (base 8) to base 4
3
What is 16 (base 8) in base 6?
22
What is 3 (base 15) in base 9?
3
What is 2 (base 12) in base 8?
2
Convert -4 (base 9) to base 13.
-4
What is -2 (base 8) in base 16?
-2
Convert -10 (base 3) to base 14.
-3
-a (base 11) to base 6
-14
What is 30 (base 7) in base 12?
19
Convert 1a (base 12) to base 13.
19
11 (base 13) to base 15
e
What is 11 (base 3) in base 13?
4
1010 (base 2) to base 7
13
Convert 0 (base 7) to base 3.
0
What is -55 (base 7) in base 15?
-2a
What is 21 (base 8) in base 3?
122
Convert 0 (base 14) to base 11.
0
Convert 24 (base 5) to base 14.
10
11 (base 2) to base 5
3
Convert -44 (base 9) to base 4.
-220
-8 (base 11) to base 8
-10
3 (base 13) to base 4
3
Convert 5 (base 15) to base 16.
5
-200 (ba